{"id":4009,"date":"2024-07-03T17:41:15","date_gmt":"2024-07-03T15:41:15","guid":{"rendered":"https:\/\/jeremias.fr\/fabricant-conduit-tubage\/?page_id=4009"},"modified":"2024-08-21T09:04:04","modified_gmt":"2024-08-21T07:04:04","slug":"structures-metalliques-industrielles","status":"publish","type":"page","link":"https:\/\/jeremias.fr\/fabricant-conduit-tubage\/structures-metalliques-industrielles\/","title":{"rendered":"Structures m\u00e9talliques industrielles"},"content":{"rendered":"","protected":false},"excerpt":{"rendered":"","protected":false},"author":4,"featured_media":0,"parent":0,"menu_order":0,"comment_status":"closed","ping_status":"closed","template":"templates\/template-edito.php","meta":{"inline_featured_image":false},"acf":{"introduction":"<h1 class=\"title-edito-blog\">Structures m\u00e9talliques<\/h1>\n<p>Structures autoportantes et m\u00e2ts avec int\u00e9gration de conduits modulaires standards Jeremias (DW-ECO, DW-KL\u2026).<\/p>\n","sous_rubriques":[{"titre":"Les structures m\u00e9talliques industrielles","blocs":[{"acf_fc_layout":"galerie","images":[{"ID":4011,"id":4011,"title":"structure-metallique-industrielle-galerie-photo-jeremias","filename":"structure-metallique-industrielle-galerie-photo-jeremias.jpg","filesize":157583,"url":"https:\/\/jeremias.fr\/fabricant-conduit-tubage\/app\/uploads\/2024\/07\/structure-metallique-industrielle-galerie-photo-jeremias.jpg","link":"https:\/\/jeremias.fr\/fabricant-conduit-tubage\/structures-metalliques-industrielles\/attachment\/structure-metallique-industrielle-galerie-photo-jeremias\/","alt":"structure-metallique-industrielle-galerie-photo-jeremias","author":"4","description":"","caption":"","name":"structure-metallique-industrielle-galerie-photo-jeremias","status":"inherit","uploaded_to":4009,"date":"2024-07-03 15:25:01","modified":"2024-07-03 15:25:06","menu_order":0,"mime_type":"image\/jpeg","type":"image","subtype":"jpeg","icon":"https:\/\/jeremias.fr\/fabricant-conduit-tubage\/wp\/wp-includes\/images\/media\/default.png","width":967,"height":461,"sizes":{"thumbnail":"https:\/\/jeremias.fr\/fabricant-conduit-tubage\/app\/uploads\/2024\/07\/structure-metallique-industrielle-galerie-photo-jeremias-542x355.jpg","thumbnail-width":542,"thumbnail-height":355,"medium":"https:\/\/jeremias.fr\/fabricant-conduit-tubage\/app\/uploads\/2024\/07\/structure-metallique-industrielle-galerie-photo-jeremias-300x143.jpg","medium-width":300,"medium-height":143,"medium_large":"https:\/\/jeremias.fr\/fabricant-conduit-tubage\/app\/uploads\/2024\/07\/structure-metallique-industrielle-galerie-photo-jeremias-768x366.jpg","medium_large-width":640,"medium_large-height":305,"large":"https:\/\/jeremias.fr\/fabricant-conduit-tubage\/app\/uploads\/2024\/07\/structure-metallique-industrielle-galerie-photo-jeremias.jpg","large-width":640,"large-height":305,"1536x1536":"https:\/\/jeremias.fr\/fabricant-conduit-tubage\/app\/uploads\/2024\/07\/structure-metallique-industrielle-galerie-photo-jeremias.jpg","1536x1536-width":967,"1536x1536-height":461,"2048x2048":"https:\/\/jeremias.fr\/fabricant-conduit-tubage\/app\/uploads\/2024\/07\/structure-metallique-industrielle-galerie-photo-jeremias.jpg","2048x2048-width":967,"2048x2048-height":461,"post-thumbnail":"https:\/\/jeremias.fr\/fabricant-conduit-tubage\/app\/uploads\/2024\/07\/structure-metallique-industrielle-galerie-photo-jeremias-542x355.jpg","post-thumbnail-width":542,"post-thumbnail-height":355,"slider":"https:\/\/jeremias.fr\/fabricant-conduit-tubage\/app\/uploads\/2024\/07\/structure-metallique-industrielle-galerie-photo-jeremias-967x461.jpg","slider-width":967,"slider-height":461,"timeline":"https:\/\/jeremias.fr\/fabricant-conduit-tubage\/app\/uploads\/2024\/07\/structure-metallique-industrielle-galerie-photo-jeremias-399x257.jpg","timeline-width":399,"timeline-height":257}},{"ID":4012,"id":4012,"title":"structure-metallique-industrielle-galerie-photo-jeremias-france","filename":"structure-metallique-industrielle-galerie-photo-jeremias-france.jpg","filesize":106981,"url":"https:\/\/jeremias.fr\/fabricant-conduit-tubage\/app\/uploads\/2024\/07\/structure-metallique-industrielle-galerie-photo-jeremias-france.jpg","link":"https:\/\/jeremias.fr\/fabricant-conduit-tubage\/structures-metalliques-industrielles\/attachment\/structure-metallique-industrielle-galerie-photo-jeremias-france\/","alt":"structure-metallique-industrielle-galerie-photo-jeremias-france","author":"4","description":"","caption":"","name":"structure-metallique-industrielle-galerie-photo-jeremias-france","status":"inherit","uploaded_to":4009,"date":"2024-07-03 15:25:02","modified":"2024-07-03 15:25:09","menu_order":0,"mime_type":"image\/jpeg","type":"image","subtype":"jpeg","icon":"https:\/\/jeremias.fr\/fabricant-conduit-tubage\/wp\/wp-includes\/images\/media\/default.png","width":967,"height":461,"sizes":{"thumbnail":"https:\/\/jeremias.fr\/fabricant-conduit-tubage\/app\/uploads\/2024\/07\/structure-metallique-industrielle-galerie-photo-jeremias-france-542x355.jpg","thumbnail-width":542,"thumbnail-height":355,"medium":"https:\/\/jeremias.fr\/fabricant-conduit-tubage\/app\/uploads\/2024\/07\/structure-metallique-industrielle-galerie-photo-jeremias-france-300x143.jpg","medium-width":300,"medium-height":143,"medium_large":"https:\/\/jeremias.fr\/fabricant-conduit-tubage\/app\/uploads\/2024\/07\/structure-metallique-industrielle-galerie-photo-jeremias-france-768x366.jpg","medium_large-width":640,"medium_large-height":305,"large":"https:\/\/jeremias.fr\/fabricant-conduit-tubage\/app\/uploads\/2024\/07\/structure-metallique-industrielle-galerie-photo-jeremias-france.jpg","large-width":640,"large-height":305,"1536x1536":"https:\/\/jeremias.fr\/fabricant-conduit-tubage\/app\/uploads\/2024\/07\/structure-metallique-industrielle-galerie-photo-jeremias-france.jpg","1536x1536-width":967,"1536x1536-height":461,"2048x2048":"https:\/\/jeremias.fr\/fabricant-conduit-tubage\/app\/uploads\/2024\/07\/structure-metallique-industrielle-galerie-photo-jeremias-france.jpg","2048x2048-width":967,"2048x2048-height":461,"post-thumbnail":"https:\/\/jeremias.fr\/fabricant-conduit-tubage\/app\/uploads\/2024\/07\/structure-metallique-industrielle-galerie-photo-jeremias-france-542x355.jpg","post-thumbnail-width":542,"post-thumbnail-height":355,"slider":"https:\/\/jeremias.fr\/fabricant-conduit-tubage\/app\/uploads\/2024\/07\/structure-metallique-industrielle-galerie-photo-jeremias-france-967x461.jpg","slider-width":967,"slider-height":461,"timeline":"https:\/\/jeremias.fr\/fabricant-conduit-tubage\/app\/uploads\/2024\/07\/structure-metallique-industrielle-galerie-photo-jeremias-france-399x257.jpg","timeline-width":399,"timeline-height":257}}]},{"acf_fc_layout":"bloc_de_texte","texte":"<h3 style=\"color: #0055ad;\">Les structures m\u00e9talliques,<\/h3>\n<p>sont une solution id\u00e9ale pour les projets o\u00f9 l\u2019ancrage au sol ou l\u2019accessibilit\u00e9 ne permet pas une solution avec chemin\u00e9e autostable. La grande flexibilit\u00e9 et la facilit\u00e9 de montage sont les grands points forts de ces solutions.<\/p>\n"}]},{"titre":"Structures - Produit","blocs":[{"acf_fc_layout":"bloc_de_texte","texte":"<h3 style=\"color: #0055ad;\">Propri\u00e9t\u00e9s<\/h3>\n<ul>\n<li>Calcul statique de la structure selon la r\u00e9glementation.<\/li>\n<li>\u00c9tude selon la zone, espaces en construction.<\/li>\n<li>Fixation par semelle et\/ou plaque de base en b\u00e9ton.<\/li>\n<\/ul>\n"},{"acf_fc_layout":"bloc_de_texte","texte":"<h3 style=\"color: #0055ad;\">Applications<\/h3>\n<p>&nbsp;<\/p>\n<table>\n<tbody style=\"display: table-row-group; vertical-align: middle; border-color: inherit;\">\n<tr style=\"display: table-row;\">\n<th style=\"height: 2em; width: 2em;\"><img style=\"height: 100%; width: 100%;\" src=\"https:\/\/jeremias.fr\/fabricant-conduit-tubage\/app\/uploads\/2024\/06\/valide-01-3-e1717485640625.png\" alt=\"validation\" \/><\/th>\n<td style=\"line-height: 2; vertical-align: middle; background-color: #f5f5f5; border: #ffffff, 1px, solid; padding-left: 5px;\">Chemin\u00e9es modulaires<\/td>\n<\/tr>\n<tr style=\"display: table-row;\">\n<th style=\"height: 2em; width: 2em;\"><img style=\"height: 100%; width: 100%;\" src=\"https:\/\/jeremias.fr\/fabricant-conduit-tubage\/app\/uploads\/2024\/06\/valide-01-3-e1717485640625.png\" alt=\"validation\" \/><\/th>\n<td style=\"line-height: 2; vertical-align: middle; border: #ffffff, 1px, solid; padding-left: 5px;\">Centrales de cog\u00e9n\u00e9ration<\/td>\n<\/tr>\n<tr style=\"display: table-row;\">\n<th style=\"height: 2em; width: 2em;\"><img style=\"height: 100%; width: 100%;\" src=\"https:\/\/jeremias.fr\/fabricant-conduit-tubage\/app\/uploads\/2024\/06\/valide-01-3-e1717485640625.png\" alt=\"validation\" \/><\/th>\n<td style=\"line-height: 2; vertical-align: middle; background-color: #f5f5f5; border: #ffffff, 1px, solid; padding-left: 5px;\">Groupes \u00e9lectrog\u00e8nes de secours<\/td>\n<\/tr>\n<\/tbody>\n<\/table>\n"}]},{"titre":"Structures - Sp\u00e9cificit\u00e9s techniques","blocs":[{"acf_fc_layout":"bloc_de_texte","texte":"<p><!-- Structure M\u00e9tallique --><\/p>\n<table class=\"contenttable\">\n<tbody style=\"display: table-row-group; vertical-align: middle; unicode-bidi: isolate; border-color: inherit;\">\n<tr style=\"display: table-row; unicode-bidi: isolate;\">\n<th style=\"vertical-align: middle; text-align: center; line-height: 1.2; color: #ffffff; background-color: #0055ad; border: #ffffff, 1px, solid; padding: 5 px; white-space: nowrap;\" scope=\"row\">Syst\u00e8me d&rsquo;ancrage<\/th>\n<td style=\"vertical-align: middle; line-height: 1.2; padding: 10px;\">\u00a0Plaque d&rsquo;ancrage et\/ou gabarit d&rsquo;ancrage<\/td>\n<\/tr>\n<tr style=\"display: table-row; unicode-bidi: isolate;\">\n<th style=\"vertical-align: middle; text-align: center; line-height: 1.2; color: #ffffff; background-color: #0055ad; border: #ffffff, 1px, solid; padding: 5 px; white-space: nowrap;\" scope=\"row\">F\u00fbt porteur<\/th>\n<td style=\"vertical-align: middle; line-height: 1.2; background-color: #f5f5f5; border: #ffffff, 1px, solid; padding: 10px;\">Conduit ext\u00e9rieur<\/td>\n<\/tr>\n<tr style=\"display: table-row; unicode-bidi: isolate;\">\n<th style=\"vertical-align: middle; text-align: center; line-height: 1.2; color: #ffffff; background-color: #0055ad; border: #ffffff, 1px, solid; padding: 5 px; white-space: nowrap;\" scope=\"row\">Conduit d&rsquo;\u00e9vacuation<\/th>\n<td style=\"vertical-align: middle; line-height: 1.2; padding: 10px;\">AISI 304 \/ AISI 316<\/td>\n<\/tr>\n<tr style=\"display: table-row; unicode-bidi: isolate;\">\n<th style=\"vertical-align: middle; text-align: center; line-height: 1.2; color: #ffffff; background-color: #0055ad; border: #ffffff, 1px, solid; padding: 5 px; white-space: nowrap;\" scope=\"row\">Conduit ext\u00e9rieur<\/th>\n<td style=\"vertical-align: middle; line-height: 1.2; background-color: #f5f5f5; border: #ffffff, 1px, solid; padding: 10px;\">1.4301 ou S235<\/td>\n<\/tr>\n<tr style=\"display: table-row; unicode-bidi: isolate;\">\n<th style=\"vertical-align: middle; text-align: center; line-height: 1.2; color: #ffffff; background-color: #0055ad; border: #ffffff, 1px, solid; padding: 5 px; white-space: nowrap;\" scope=\"row\">Finition<\/th>\n<td style=\"vertical-align: middle; line-height: 1.2; padding: 10px;\">Peinture RAL,Acier galvanis\u00e9, inox poli<\/td>\n<\/tr>\n<\/tbody>\n<\/table>\n"}]},{"titre":"Un projet ? Parlons-en !","blocs":[{"acf_fc_layout":"bloc_de_texte","texte":"<p><a href=\"https:\/\/jeremias.fr\/nous-contacter\"><br \/>\n<img style=\"width: 100%; height: 100%;\" src=\"https:\/\/jeremias.fr\/fabricant-conduit-tubage\/app\/uploads\/2024\/06\/CTA-inscription-jeremias.fr-1.png\" alt=\"Contactez-nous\" \/><br \/>\n<\/a><\/p>\n"}]}],"utiliser_layout_presta":true,"produits_suggeres":[]},"yoast_head":"<!-- This site is optimized with the Yoast SEO plugin v19.2 - https:\/\/yoast.com\/wordpress\/plugins\/seo\/ -->\n<title>Structures m\u00e9talliques industrielles - Jeremias<\/title>\n<meta name=\"robots\" content=\"index, follow, max-snippet:-1, max-image-preview:large, max-video-preview:-1\" \/>\n<link rel=\"canonical\" href=\"https:\/\/jeremias.fr\/fabricant-conduit-tubage\/structures-metalliques-industrielles\/\" \/>\n<meta property=\"og:locale\" content=\"fr_FR\" \/>\n<meta property=\"og:type\" content=\"article\" \/>\n<meta property=\"og:title\" content=\"Structures m\u00e9talliques industrielles - Jeremias\" \/>\n<meta property=\"og:url\" content=\"https:\/\/jeremias.fr\/fabricant-conduit-tubage\/structures-metalliques-industrielles\/\" \/>\n<meta property=\"og:site_name\" content=\"Jeremias\" \/>\n<meta property=\"article:modified_time\" content=\"2024-08-21T07:04:04+00:00\" \/>\n<meta name=\"author\" content=\"Eva Aristhene\" \/>\n<meta name=\"twitter:card\" content=\"summary_large_image\" \/>\n<script type=\"application\/ld+json\" class=\"yoast-schema-graph\">{\"@context\":\"https:\/\/schema.org\",\"@graph\":[{\"@type\":\"WebSite\",\"@id\":\"https:\/\/jeremias.fr\/fabricant-conduit-tubage\/#website\",\"url\":\"https:\/\/jeremias.fr\/fabricant-conduit-tubage\/\",\"name\":\"Jeremias\",\"description\":\"Conduits de fum\u00e9e\",\"potentialAction\":[{\"@type\":\"SearchAction\",\"target\":{\"@type\":\"EntryPoint\",\"urlTemplate\":\"https:\/\/jeremias.fr\/fabricant-conduit-tubage\/?s={search_term_string}\"},\"query-input\":\"required name=search_term_string\"}],\"inLanguage\":\"fr-FR\"},{\"@type\":\"WebPage\",\"@id\":\"https:\/\/jeremias.fr\/fabricant-conduit-tubage\/structures-metalliques-industrielles\/#webpage\",\"url\":\"https:\/\/jeremias.fr\/fabricant-conduit-tubage\/structures-metalliques-industrielles\/\",\"name\":\"Structures m\u00e9talliques industrielles - Jeremias\",\"isPartOf\":{\"@id\":\"https:\/\/jeremias.fr\/fabricant-conduit-tubage\/#website\"},\"datePublished\":\"2024-07-03T15:41:15+00:00\",\"dateModified\":\"2024-08-21T07:04:04+00:00\",\"breadcrumb\":{\"@id\":\"https:\/\/jeremias.fr\/fabricant-conduit-tubage\/structures-metalliques-industrielles\/#breadcrumb\"},\"inLanguage\":\"fr-FR\",\"potentialAction\":[{\"@type\":\"ReadAction\",\"target\":[\"https:\/\/jeremias.fr\/fabricant-conduit-tubage\/structures-metalliques-industrielles\/\"]}]},{\"@type\":\"BreadcrumbList\",\"@id\":\"https:\/\/jeremias.fr\/fabricant-conduit-tubage\/structures-metalliques-industrielles\/#breadcrumb\",\"itemListElement\":[{\"@type\":\"ListItem\",\"position\":1,\"name\":\"Home\",\"item\":\"https:\/\/jeremias.fr\/fabricant-conduit-tubage\/\"},{\"@type\":\"ListItem\",\"position\":2,\"name\":\"Structures m\u00e9talliques industrielles\"}]}]}<\/script>\n<!-- \/ Yoast SEO plugin. -->","yoast_head_json":{"title":"Structures m\u00e9talliques industrielles - Jeremias","robots":{"index":"index","follow":"follow","max-snippet":"max-snippet:-1","max-image-preview":"max-image-preview:large","max-video-preview":"max-video-preview:-1"},"canonical":"https:\/\/jeremias.fr\/fabricant-conduit-tubage\/structures-metalliques-industrielles\/","og_locale":"fr_FR","og_type":"article","og_title":"Structures m\u00e9talliques industrielles - Jeremias","og_url":"https:\/\/jeremias.fr\/fabricant-conduit-tubage\/structures-metalliques-industrielles\/","og_site_name":"Jeremias","article_modified_time":"2024-08-21T07:04:04+00:00","author":"Eva Aristhene","twitter_card":"summary_large_image","schema":{"@context":"https:\/\/schema.org","@graph":[{"@type":"WebSite","@id":"https:\/\/jeremias.fr\/fabricant-conduit-tubage\/#website","url":"https:\/\/jeremias.fr\/fabricant-conduit-tubage\/","name":"Jeremias","description":"Conduits de fum\u00e9e","potentialAction":[{"@type":"SearchAction","target":{"@type":"EntryPoint","urlTemplate":"https:\/\/jeremias.fr\/fabricant-conduit-tubage\/?s={search_term_string}"},"query-input":"required name=search_term_string"}],"inLanguage":"fr-FR"},{"@type":"WebPage","@id":"https:\/\/jeremias.fr\/fabricant-conduit-tubage\/structures-metalliques-industrielles\/#webpage","url":"https:\/\/jeremias.fr\/fabricant-conduit-tubage\/structures-metalliques-industrielles\/","name":"Structures m\u00e9talliques industrielles - Jeremias","isPartOf":{"@id":"https:\/\/jeremias.fr\/fabricant-conduit-tubage\/#website"},"datePublished":"2024-07-03T15:41:15+00:00","dateModified":"2024-08-21T07:04:04+00:00","breadcrumb":{"@id":"https:\/\/jeremias.fr\/fabricant-conduit-tubage\/structures-metalliques-industrielles\/#breadcrumb"},"inLanguage":"fr-FR","potentialAction":[{"@type":"ReadAction","target":["https:\/\/jeremias.fr\/fabricant-conduit-tubage\/structures-metalliques-industrielles\/"]}]},{"@type":"BreadcrumbList","@id":"https:\/\/jeremias.fr\/fabricant-conduit-tubage\/structures-metalliques-industrielles\/#breadcrumb","itemListElement":[{"@type":"ListItem","position":1,"name":"Home","item":"https:\/\/jeremias.fr\/fabricant-conduit-tubage\/"},{"@type":"ListItem","position":2,"name":"Structures m\u00e9talliques industrielles"}]}]}},"_links":{"self":[{"href":"https:\/\/jeremias.fr\/fabricant-conduit-tubage\/wp-json\/wp\/v2\/pages\/4009"}],"collection":[{"href":"https:\/\/jeremias.fr\/fabricant-conduit-tubage\/wp-json\/wp\/v2\/pages"}],"about":[{"href":"https:\/\/jeremias.fr\/fabricant-conduit-tubage\/wp-json\/wp\/v2\/types\/page"}],"author":[{"embeddable":true,"href":"https:\/\/jeremias.fr\/fabricant-conduit-tubage\/wp-json\/wp\/v2\/users\/4"}],"replies":[{"embeddable":true,"href":"https:\/\/jeremias.fr\/fabricant-conduit-tubage\/wp-json\/wp\/v2\/comments?post=4009"}],"version-history":[{"count":4,"href":"https:\/\/jeremias.fr\/fabricant-conduit-tubage\/wp-json\/wp\/v2\/pages\/4009\/revisions"}],"predecessor-version":[{"id":4419,"href":"https:\/\/jeremias.fr\/fabricant-conduit-tubage\/wp-json\/wp\/v2\/pages\/4009\/revisions\/4419"}],"wp:attachment":[{"href":"https:\/\/jeremias.fr\/fabricant-conduit-tubage\/wp-json\/wp\/v2\/media?parent=4009"}],"curies":[{"name":"wp","href":"https:\/\/api.w.org\/{rel}","templated":true}]}}