{"id":3224,"date":"2024-07-01T13:35:10","date_gmt":"2024-07-01T11:35:10","guid":{"rendered":"https:\/\/jeremias.fr\/fabricant-conduit-tubage\/?page_id=3224"},"modified":"2025-01-29T15:59:00","modified_gmt":"2025-01-29T14:59:00","slug":"cheminees-industrielles","status":"publish","type":"page","link":"https:\/\/jeremias.fr\/fabricant-conduit-tubage\/cheminees-industrielles\/","title":{"rendered":"Solutions industrielles : chemin\u00e9es autostables"},"content":{"rendered":"","protected":false},"excerpt":{"rendered":"","protected":false},"author":3,"featured_media":0,"parent":0,"menu_order":0,"comment_status":"closed","ping_status":"closed","template":"templates\/template-edito.php","meta":{"inline_featured_image":false},"acf":{"utiliser_layout_presta":true,"produits_suggeres":[],"introduction":"<h1 class=\"title-edito-blog\">Les chemin\u00e9es autostables et autoportantes<\/h1>\n<p>Des solutions adapt\u00e9es pour les chantiers industriels demandant des hauteurs et diam\u00e8tres de conduits cons\u00e9quents.<\/p>\n","sous_rubriques":[{"titre":"Notre exp\u00e9rience au service de vos projets ","blocs":[{"acf_fc_layout":"bloc_de_texte","texte":"<div>\n<p>Gr\u00e2ce \u00e0 plus de 40 ans d&rsquo;exp\u00e9rience dans la fabrication de conduits de fum\u00e9es, le groupe JEREMIAS est aujourd\u2018hui un acteur majeur du march\u00e9 et d\u00e9cline ses solutions techniques \u00e9galement dans le domaine industriel. En effet, nos usines de production d\u00e9veloppent autant des conduits modulaires que des chemin\u00e9es industrielles, con\u00e7ues sur-mesure.<\/p>\n<\/div>\n<p>&nbsp;<\/p>\n<p><video style=\"width: 100%; height: 100%;\" autoplay=\"autoplay\" loop=\"loop\" muted=\"\" width=\"300\" height=\"150\"><source src=\"https:\/\/jeremias.fr\/fabricant-conduit-tubage\/app\/uploads\/2024\/05\/Jeremias_Freestanding_Chimneys.webm\" type=\"video\/webm\" \/>Your browser does not support the video tag.<\/video><\/p>\n"},{"acf_fc_layout":"bloc_de_texte","texte":"<p>Avec la gamme de produits industriels, Jeremias donne une solution qualitative aux grands projets d\u2019infrastructure, g\u00e9n\u00e9ration d\u2019\u00e9nergie et chaleur, et process industriels en fonction des orientations techniques, esth\u00e9tiques et \u00e9conomiques li\u00e9es au projet. Toutes nos \u00e9tudes sont r\u00e9alis\u00e9es dans le respect des normes en vigueur, par des ing\u00e9nieurs qualifi\u00e9s et experts dans leur domaine d&rsquo;activit\u00e9.<\/p>\n"},{"acf_fc_layout":"bloc_de_texte","texte":"<p>Extraction de gaz \u00e9lev\u00e9s pour un groupe \u00e9lectrog\u00e8ne, projet de cog\u00e9n\u00e9ration avec des contraintes de condensation, solutions d&rsquo;att\u00e9nuation acoustique,&#8230;\u00a0 Depuis la conception, jusqu&rsquo;au suivi de l&rsquo;\u00e9tat de la chemin\u00e9e, en passant par la production et l&rsquo;assemblage, nous vous accompagnons de mani\u00e8re compl\u00e8te dans la r\u00e9alisation de votre projet.<\/p>\n<p>&nbsp;<\/p>\n<p>Diff\u00e9rentes variantes de base de chemin\u00e9es en acier constituent une approche de solution adapt\u00e9e individuellement en fonction de l&rsquo;application et des exigences.<\/p>\n"}]},{"titre":"Nos projets industriels en chiffres","blocs":[{"acf_fc_layout":"chiffres_cles","chiffres":[{"chiffre":{"nombre":"230","symbole":"+"},"texte":"<p>&nbsp;<\/p>\n<h2 class=\"post-h2\"><\/h2>\n<p><img loading=\"lazy\" class=\"wp-image-3234 size-full aligncenter\" src=\"https:\/\/jeremias.fr\/fabricant-conduit-tubage\/app\/uploads\/2024\/05\/csm_jeremias-icon-chimneys_554f327408.png\" alt=\"\" width=\"100\" height=\"100\" \/><\/p>\n<p>&nbsp;<\/p>\n<p style=\"font-size: 1em; text-align: center;\">Chemin\u00e9es en acier fabriqu\u00e9es en 2022<\/p>\n"},{"chiffre":{"nombre":"100","symbole":"+"},"texte":"<p>&nbsp;<\/p>\n<h2 class=\"post-h2\"><\/h2>\n<p><img loading=\"lazy\" class=\"aligncenter size-full wp-image-3235\" src=\"https:\/\/jeremias.fr\/fabricant-conduit-tubage\/app\/uploads\/2024\/05\/csm_jeremias-icon-silencers_089204def3.png\" alt=\"Ic\u00f4ne Silencieux J\u00e9r\u00e9mias\" width=\"100\" height=\"100\" \/><\/p>\n<p>&nbsp;<\/p>\n<p style=\"font-size: 1em; text-align: center;\">Silencieux industriels en 2022<\/p>\n"}]},{"acf_fc_layout":"chiffres_cles","chiffres":[{"chiffre":{"nombre":"4000","symbole":"+"},"texte":"<p><img loading=\"lazy\" class=\"aligncenter size-full wp-image-3237\" src=\"https:\/\/jeremias.fr\/fabricant-conduit-tubage\/app\/uploads\/2024\/05\/jeremias-icon-references-industrie.png\" alt=\"\" width=\"100\" height=\"100\" \/><\/p>\n<p>&nbsp;<\/p>\n<p style=\"font-size: 1em; text-align: center;\">R\u00e9f\u00e9rences Industrielles disponibles<\/p>\n"},{"chiffre":{"nombre":"60","symbole":"+"},"texte":"<p><img loading=\"lazy\" class=\"size-full wp-image-3236 aligncenter\" src=\"https:\/\/jeremias.fr\/fabricant-conduit-tubage\/app\/uploads\/2024\/05\/jeremias-icon-project-country.png\" alt=\"Ic\u00f4ne de localisation des projets J\u00e9r\u00e9mias\" width=\"100\" height=\"100\" \/><\/p>\n<p>&nbsp;<\/p>\n<p style=\"font-size: 1em; text-align: center;\">Projets en France et dans le monde<\/p>\n"}]}]},{"titre":"Nos gammes de chemin\u00e9es industrielles","blocs":[{"acf_fc_layout":"blocs_numerotes","paragraphes":[{"titre":"<a href=\"https:\/\/jeremias.fr\/fabricant-conduit-tubage\/cheminee-industrielle-fsa-autoportante\/\" alt=\"Lien vers le descriptif du mod\u00e8le FSA\" style=\"text-decoration:none;\">FSA<\/a>","texte":"<a href=\"https:\/\/jeremias.fr\/fabricant-conduit-tubage\/cheminee-industrielle-fsa-autoportante\/\" alt=\"Lien vers le descriptif du mod\u00e8le FSA\" style=\"text-decoration:none;\">\r\n    <img class=\"size-full wp-image-3236 aligncenter\" src=\"https:\/\/jeremias.fr\/fabricant-conduit-tubage\/app\/uploads\/2024\/05\/FSA.jpg\" alt=\"Ic\u00f4ne de localisation des projets J\u00e9r\u00e9mias\" style=\" width:12em; height:12em; display: flex; justify-content: center;\" \/>\r\n\r\n    <div style=\"display: flex; justify-content: center; align-items: center; text-align:center; color: #ffffff; background-color: #0055ad; border: #ffffff, 1px, solid; height: 10em; width: 15em; white-space: pre-wrap;\">Chemin\u00e9e mono-conduit avec f\u00fbt porteur ext\u00e9rieur.<\/div><\/a>\r\n"},{"titre":"<a href=\"https:\/\/jeremias.fr\/fabricant-conduit-tubage\/cheminee-industrielle-fsa-x-autoportante\/\" alt=\"Lien vers le descriptif du mod\u00e8le FSA-X\" style=\"text-decoration:none;\">FSA-X<\/a>","texte":"<a href=\"https:\/\/jeremias.fr\/fabricant-conduit-tubage\/cheminee-industrielle-fsa-x-autoportante\/\" alt=\"Lien vers le descriptif du mod\u00e8le FSA-X\" style=\"text-decoration:none;\">\r\n<img class=\"size-full wp-image-3236 aligncenter\" src=\"https:\/\/jeremias.fr\/fabricant-conduit-tubage\/app\/uploads\/2024\/05\/FSA-X.jpg\" alt=\"Ic\u00f4ne de localisation des projets J\u00e9r\u00e9mias\" style=\" width:12em; height:12em; display: flex; justify-content: center;\"\/>\r\n\r\n<div style=\"display: flex; justify-content: center; align-items: center; text-align:center; color: #ffffff; background-color: #0055ad; padding: 1em; border: #ffffff, 1px, solid; height: 10em; width: 15em; white-space: pre-wrap;\">Chemin\u00e9e multi-conduits avec f\u00fbt porteur ext\u00e9rieur.<\/div><\/a>\r\n"},{"titre":"<a href=\"https:\/\/jeremias.fr\/fabricant-conduit-tubage\/cheminee-industrielle-fsb-autoportante\/\" alt=\"Lien vers le descriptif du mod\u00e8le FSB\" style=\"text-decoration:none;\">FSB<\/a>","texte":"<a href=\"https:\/\/jeremias.fr\/fabricant-conduit-tubage\/cheminee-industrielle-fsb-autoportante\/\" alt=\"Lien vers le descriptif du mod\u00e8le FSB\" style=\"text-decoration:none;\">\r\n<img class=\"size-full wp-image-3236 aligncenter\" src=\"https:\/\/jeremias.fr\/fabricant-conduit-tubage\/app\/uploads\/2024\/05\/FSB.jpg\" alt=\"Ic\u00f4ne de localisation des projets J\u00e9r\u00e9mias\" style=\" width:12em; height:12em; display: flex; justify-content: center;\"\/>\r\n\r\n<div style=\"display: flex; justify-content: center; align-items: center; text-align:center; color: #ffffff; background-color: #0055ad; padding: 1em; border: #ffffff, 1px, solid; height: 10em; width: 15em; white-space: pre-wrap;\">Chemin\u00e9e mono-conduit avec f\u00fbt porteur int\u00e9rieur.<\/div><\/a>\r\n"},{"titre":"<a href=\"https:\/\/jeremias.fr\/fabricant-conduit-tubage\/tour-de-ventilation-industrielle-fsc\/\" alt=\"Lien vers le descriptif du mod\u00e8le FSC\" style=\"text-decoration:none;\">FSC<\/a>","texte":"<a href=\"https:\/\/jeremias.fr\/fabricant-conduit-tubage\/tour-de-ventilation-industrielle-fsc\/\" alt=\"Lien vers le descriptif des tours de ventilation\" style=\"text-decoration:none;\">\r\n<img class=\"size-full wp-image-3236 aligncenter\" src=\"https:\/\/jeremias.fr\/fabricant-conduit-tubage\/app\/uploads\/2024\/06\/9b9ab11e-1d57-4a92-8571-7f4104349ac7.png\" alt=\"Ic\u00f4ne de localisation des projets J\u00e9r\u00e9mias\" style=\"width:12em; height:12em; display: flex; justify-content: center;\"\/>\r\n\r\n<div style=\"display: flex; justify-content: center; align-items: center; text-align:center; color: #ffffff; background-color: #0055ad; padding: 1em; border: #ffffff, 1px, solid; height: 10em; width: 15em; white-space: pre-wrap;\">Tour de ventilation FSC.<\/div><\/a>\r\n"},{"titre":"<a href=\"https:\/\/jeremias.fr\/fabricant-conduit-tubage\/structures-metalliques-industrielles\/\" alt=\"Lien vers le descriptif des structures m\u00e9talliques\" style=\"text-decoration:none; white-space: nowrap;\">Structures m\u00e9talliques<\/a>","texte":"<a href=\"https:\/\/jeremias.fr\/fabricant-conduit-tubage\/structures-metalliques-industrielles\/\" alt=\"Lien vers le descriptif des structures m\u00e9talliques\" style=\"text-decoration:none;\">\r\n<img class=\"size-full wp-image-3236 aligncenter\" src=\"https:\/\/jeremias.fr\/fabricant-conduit-tubage\/app\/uploads\/2024\/07\/Image1.png\" alt=\"Ic\u00f4ne des accessoires J\u00e9r\u00e9mias pour le secteur industrie\" style=\" width:12em; height:12em; display: flex; justify-content: center;\"\/>\r\n\r\n<div style=\"display: flex; justify-content: center; align-items: center; text-align:center; color: #ffffff; background-color: #0055ad; padding: 1em; border: #ffffff, 1px, solid; height: 10em; width: 15em; white-space: pre-wrap;\">Structures autoportantes et m\u00e2ts avec fixations.<\/div><\/a>"},{"titre":"<a href=\"https:\/\/jeremias.fr\/fabricant-conduit-tubage\/la-revue\/industrie\/cheminees-autostables-les-accessoires\/\" alt=\"Lien vers le descriptif des accessoires\" style=\"text-decoration:none;\">Accessoires<\/a>","texte":"<a href=\"https:\/\/jeremias.fr\/fabricant-conduit-tubage\/la-revue\/industrie\/cheminees-autostables-les-accessoires\/\" alt=\"Lien vers le descriptif des acessoires\" style=\"text-decoration:none;\">\r\n<img class=\"size-full wp-image-3236 aligncenter\" src=\"https:\/\/jeremias.fr\/fabricant-conduit-tubage\/app\/uploads\/2024\/05\/Accessories.jpg\" alt=\"Ic\u00f4ne de localisation des projets J\u00e9r\u00e9mias\" style=\" width:12em; height:12em; display: flex; justify-content: center;\"\/>\r\n\r\n<div style=\"display: flex; justify-content: center; align-items: center; text-align:center; color: #ffffff; background-color: #0055ad; padding: 1em; border: #ffffff, 1px, solid; height: 10em; width: 15em; white-space: pre-wrap;\">Options sp\u00e9cifiques et composants suppl\u00e9mentaires.<\/div><\/a>"}]}]},{"titre":"Nos services","blocs":[{"acf_fc_layout":"bloc_de_texte","texte":"<table style=\"width: 100%; table-layout: fixed;\"><!-- Ligne I --><\/p>\n<tbody style=\"hyphens: auto;\">\n<tr>\n<th style=\"width: 33,3%; padding: 0.4em;\">\n<figure><img class=\"aligncenter\" style=\"height: 4.7em; width: 4.7em;\" src=\"https:\/\/jeremias.fr\/fabricant-conduit-tubage\/app\/uploads\/2024\/06\/document-bleu.png\" alt=\"Conduit de chemin\u00e9e industriel\" \/><\/figure>\n<\/th>\n<th style=\"width: 33,3%; padding: 0.4em;\">\n<figure><img class=\"aligncenter\" style=\"height: 4.7em; width: 4.7em;\" src=\"https:\/\/jeremias.fr\/fabricant-conduit-tubage\/app\/uploads\/2024\/06\/design.png\" alt=\"Conduit de chemin\u00e9e industriel\" \/><\/figure>\n<\/th>\n<th style=\"width: 33,3%; padding: 0.4em;\">\n<figure><img class=\"aligncenter\" style=\"height: 4.7em; width: 4.7em;\" src=\"https:\/\/jeremias.fr\/fabricant-conduit-tubage\/app\/uploads\/2024\/06\/c2228b94-810a-4763-88a5-fcc2f02c708f.png\" alt=\"Conduit de chemin\u00e9e industriel\" \/><\/figure>\n<\/th>\n<\/tr>\n<tr>\n<td style=\"width: 33,3%; padding: 0.4em;\">\n<h3 style=\"font-size: 1em; text-align: left;\">\u00c9tude de faisabilit\u00e9<\/h3>\n<ul>\n<li>Dimensionnement de diam\u00e8tre selon les crit\u00e8res de la norme,<\/li>\n<li>\u00c9tude de co\u00fbt en avant-projet ou en ex\u00e9cution.<\/li>\n<\/ul>\n<\/td>\n<td style=\"width: 33,3%; padding: 0.4em;\">\n<h3 style=\"font-size: 1em; text-align: left;\">Design<\/h3>\n<ul>\n<li>Rapport de charges statiques,<\/li>\n<li>Calcul de fr\u00e9quence de r\u00e9sonance,<\/li>\n<li>Calculs sismiques,<\/li>\n<li>Projections 2D\/3D.<\/li>\n<\/ul>\n<\/td>\n<td style=\"width: 33,3%; padding: 0.4em;\">\n<h3 style=\"font-size: 1em; text-align: left;\">Suivi de projet<\/h3>\n<ul>\n<li>Plan de gabarit d&rsquo;ancrage,<\/li>\n<li>Liste de mat\u00e9riel,<\/li>\n<li>Plan de conception.<\/li>\n<\/ul>\n<\/td>\n<\/tr>\n<tr>\n<td style=\"width: 33,3%; padding: 0.4em;\">\n<figure><img class=\"aligncenter\" style=\"height: 4.7em; width: 4.7em;\" src=\"https:\/\/jeremias.fr\/fabricant-conduit-tubage\/app\/uploads\/2024\/06\/production-icon-.png\" alt=\"Conduit de chemin\u00e9e industriel\" \/><\/figure>\n<\/td>\n<td style=\"width: 33,3%; padding: 0.4em;\">\n<figure><img class=\"aligncenter\" style=\"height: 4.7em; width: 4.7em;\" src=\"https:\/\/jeremias.fr\/fabricant-conduit-tubage\/app\/uploads\/2024\/06\/livraison-bleu.png\" alt=\"Conduit de chemin\u00e9e industriel\" \/><\/figure>\n<\/td>\n<td style=\"width: 33,3%; padding: 0.4em;\">\n<figure><img class=\"aligncenter\" style=\"height: 4.7em; width: 4.7em;\" src=\"https:\/\/jeremias.fr\/fabricant-conduit-tubage\/app\/uploads\/2024\/06\/Fichier-1png.png\" alt=\"Conduit de chemin\u00e9e industriel\" \/><\/figure>\n<\/td>\n<\/tr>\n<tr>\n<td style=\"width: 33,3%; padding: 0.4em;\">\n<h3 style=\"text-align: left; font-size: 1em;\">Production<\/h3>\n<ul>\n<li>Soudures continues, d\u00e9coupe Laser, d\u00e9coupe Plasma,<\/li>\n<li>Pi\u00e8ces sp\u00e9ciales,<\/li>\n<li>Grands diam\u00e8tres de raccordement modulaires ou sur mesure&#8230;<\/li>\n<\/ul>\n<\/td>\n<td style=\"width: 33,3%; padding: 0.4em;\">\n<h3 style=\"text-align: left; font-size: 1em;\">Logistique<\/h3>\n<ul>\n<li>Organisation &amp; Gestion des moyens,<\/li>\n<li>Plans de transport,<\/li>\n<li>Levage,<\/li>\n<li>Planification du projet.<\/li>\n<\/ul>\n<\/td>\n<td style=\"width: 33,3%; padding: 0.4em;\">\n<h3 style=\"text-align: left; font-size: 1em;\">Montage<\/h3>\n<ul>\n<li>Visite sur site,<\/li>\n<li>R\u00e9seaux de montage agr\u00e9\u00e9,<\/li>\n<li>Accompagnement technique,<\/li>\n<li>Respect des d\u00e9lais.<\/li>\n<\/ul>\n<\/td>\n<\/tr>\n<\/tbody>\n<\/table>\n"}]},{"titre":"Un projet ? Parlons-en !","blocs":[{"acf_fc_layout":"bloc_de_texte","texte":"<p><a class=\"button button-solid blue text-uppercase fz-14 text-white\" href=\"https:\/\/jeremias.fr\/nous-contacter\">Contactez notre \u00e9quipe d\u2019expert<\/a><\/p>\n"}]}]},"yoast_head":"<!-- This site is optimized with the Yoast SEO plugin v19.2 - https:\/\/yoast.com\/wordpress\/plugins\/seo\/ -->\n<title>Solutions industrielles : chemin\u00e9es autostables - Jeremias<\/title>\n<meta name=\"description\" content=\"D\u00e9couvrez nos chemin\u00e9es industrielles - Tours de ventilation - De la fabrication par l&#039;un des leaders mondiaux - Conception - Production - Suivi complet du projet\" \/>\n<meta name=\"robots\" content=\"index, follow, max-snippet:-1, max-image-preview:large, max-video-preview:-1\" \/>\n<link rel=\"canonical\" href=\"https:\/\/jeremias.fr\/fabricant-conduit-tubage\/cheminees-industrielles\/\" \/>\n<meta property=\"og:locale\" content=\"fr_FR\" \/>\n<meta property=\"og:type\" content=\"article\" \/>\n<meta property=\"og:title\" content=\"Solutions industrielles : chemin\u00e9es autostables - Jeremias\" \/>\n<meta property=\"og:description\" content=\"D\u00e9couvrez nos chemin\u00e9es industrielles - Tours de ventilation - De la fabrication par l&#039;un des leaders mondiaux - Conception - Production - Suivi complet du projet\" \/>\n<meta property=\"og:url\" content=\"https:\/\/jeremias.fr\/fabricant-conduit-tubage\/cheminees-industrielles\/\" \/>\n<meta property=\"og:site_name\" content=\"Jeremias\" \/>\n<meta property=\"article:modified_time\" content=\"2025-01-29T14:59:00+00:00\" \/>\n<meta name=\"author\" content=\"Charline\" \/>\n<meta name=\"twitter:card\" content=\"summary_large_image\" \/>\n<script type=\"application\/ld+json\" class=\"yoast-schema-graph\">{\"@context\":\"https:\/\/schema.org\",\"@graph\":[{\"@type\":\"WebSite\",\"@id\":\"https:\/\/jeremias.fr\/fabricant-conduit-tubage\/#website\",\"url\":\"https:\/\/jeremias.fr\/fabricant-conduit-tubage\/\",\"name\":\"Jeremias\",\"description\":\"Conduits de fum\u00e9e\",\"potentialAction\":[{\"@type\":\"SearchAction\",\"target\":{\"@type\":\"EntryPoint\",\"urlTemplate\":\"https:\/\/jeremias.fr\/fabricant-conduit-tubage\/?s={search_term_string}\"},\"query-input\":\"required name=search_term_string\"}],\"inLanguage\":\"fr-FR\"},{\"@type\":\"WebPage\",\"@id\":\"https:\/\/jeremias.fr\/fabricant-conduit-tubage\/cheminees-industrielles\/#webpage\",\"url\":\"https:\/\/jeremias.fr\/fabricant-conduit-tubage\/cheminees-industrielles\/\",\"name\":\"Solutions industrielles : chemin\u00e9es autostables - Jeremias\",\"isPartOf\":{\"@id\":\"https:\/\/jeremias.fr\/fabricant-conduit-tubage\/#website\"},\"datePublished\":\"2024-07-01T11:35:10+00:00\",\"dateModified\":\"2025-01-29T14:59:00+00:00\",\"description\":\"D\u00e9couvrez nos chemin\u00e9es industrielles - Tours de ventilation - De la fabrication par l'un des leaders mondiaux - Conception - Production - Suivi complet du projet\",\"breadcrumb\":{\"@id\":\"https:\/\/jeremias.fr\/fabricant-conduit-tubage\/cheminees-industrielles\/#breadcrumb\"},\"inLanguage\":\"fr-FR\",\"potentialAction\":[{\"@type\":\"ReadAction\",\"target\":[\"https:\/\/jeremias.fr\/fabricant-conduit-tubage\/cheminees-industrielles\/\"]}]},{\"@type\":\"BreadcrumbList\",\"@id\":\"https:\/\/jeremias.fr\/fabricant-conduit-tubage\/cheminees-industrielles\/#breadcrumb\",\"itemListElement\":[{\"@type\":\"ListItem\",\"position\":1,\"name\":\"Home\",\"item\":\"https:\/\/jeremias.fr\/fabricant-conduit-tubage\/\"},{\"@type\":\"ListItem\",\"position\":2,\"name\":\"Solutions industrielles : chemin\u00e9es autostables\"}]}]}<\/script>\n<!-- \/ Yoast SEO plugin. -->","yoast_head_json":{"title":"Solutions industrielles : chemin\u00e9es autostables - Jeremias","description":"D\u00e9couvrez nos chemin\u00e9es industrielles - Tours de ventilation - De la fabrication par l'un des leaders mondiaux - Conception - Production - Suivi complet du projet","robots":{"index":"index","follow":"follow","max-snippet":"max-snippet:-1","max-image-preview":"max-image-preview:large","max-video-preview":"max-video-preview:-1"},"canonical":"https:\/\/jeremias.fr\/fabricant-conduit-tubage\/cheminees-industrielles\/","og_locale":"fr_FR","og_type":"article","og_title":"Solutions industrielles : chemin\u00e9es autostables - Jeremias","og_description":"D\u00e9couvrez nos chemin\u00e9es industrielles - Tours de ventilation - De la fabrication par l'un des leaders mondiaux - Conception - Production - Suivi complet du projet","og_url":"https:\/\/jeremias.fr\/fabricant-conduit-tubage\/cheminees-industrielles\/","og_site_name":"Jeremias","article_modified_time":"2025-01-29T14:59:00+00:00","author":"Charline","twitter_card":"summary_large_image","schema":{"@context":"https:\/\/schema.org","@graph":[{"@type":"WebSite","@id":"https:\/\/jeremias.fr\/fabricant-conduit-tubage\/#website","url":"https:\/\/jeremias.fr\/fabricant-conduit-tubage\/","name":"Jeremias","description":"Conduits de fum\u00e9e","potentialAction":[{"@type":"SearchAction","target":{"@type":"EntryPoint","urlTemplate":"https:\/\/jeremias.fr\/fabricant-conduit-tubage\/?s={search_term_string}"},"query-input":"required name=search_term_string"}],"inLanguage":"fr-FR"},{"@type":"WebPage","@id":"https:\/\/jeremias.fr\/fabricant-conduit-tubage\/cheminees-industrielles\/#webpage","url":"https:\/\/jeremias.fr\/fabricant-conduit-tubage\/cheminees-industrielles\/","name":"Solutions industrielles : chemin\u00e9es autostables - Jeremias","isPartOf":{"@id":"https:\/\/jeremias.fr\/fabricant-conduit-tubage\/#website"},"datePublished":"2024-07-01T11:35:10+00:00","dateModified":"2025-01-29T14:59:00+00:00","description":"D\u00e9couvrez nos chemin\u00e9es industrielles - Tours de ventilation - De la fabrication par l'un des leaders mondiaux - Conception - Production - Suivi complet du projet","breadcrumb":{"@id":"https:\/\/jeremias.fr\/fabricant-conduit-tubage\/cheminees-industrielles\/#breadcrumb"},"inLanguage":"fr-FR","potentialAction":[{"@type":"ReadAction","target":["https:\/\/jeremias.fr\/fabricant-conduit-tubage\/cheminees-industrielles\/"]}]},{"@type":"BreadcrumbList","@id":"https:\/\/jeremias.fr\/fabricant-conduit-tubage\/cheminees-industrielles\/#breadcrumb","itemListElement":[{"@type":"ListItem","position":1,"name":"Home","item":"https:\/\/jeremias.fr\/fabricant-conduit-tubage\/"},{"@type":"ListItem","position":2,"name":"Solutions industrielles : chemin\u00e9es autostables"}]}]}},"_links":{"self":[{"href":"https:\/\/jeremias.fr\/fabricant-conduit-tubage\/wp-json\/wp\/v2\/pages\/3224"}],"collection":[{"href":"https:\/\/jeremias.fr\/fabricant-conduit-tubage\/wp-json\/wp\/v2\/pages"}],"about":[{"href":"https:\/\/jeremias.fr\/fabricant-conduit-tubage\/wp-json\/wp\/v2\/types\/page"}],"author":[{"embeddable":true,"href":"https:\/\/jeremias.fr\/fabricant-conduit-tubage\/wp-json\/wp\/v2\/users\/3"}],"replies":[{"embeddable":true,"href":"https:\/\/jeremias.fr\/fabricant-conduit-tubage\/wp-json\/wp\/v2\/comments?post=3224"}],"version-history":[{"count":299,"href":"https:\/\/jeremias.fr\/fabricant-conduit-tubage\/wp-json\/wp\/v2\/pages\/3224\/revisions"}],"predecessor-version":[{"id":4718,"href":"https:\/\/jeremias.fr\/fabricant-conduit-tubage\/wp-json\/wp\/v2\/pages\/3224\/revisions\/4718"}],"wp:attachment":[{"href":"https:\/\/jeremias.fr\/fabricant-conduit-tubage\/wp-json\/wp\/v2\/media?parent=3224"}],"curies":[{"name":"wp","href":"https:\/\/api.w.org\/{rel}","templated":true}]}}