{"id":1329,"date":"2020-09-11T16:03:43","date_gmt":"2020-09-11T14:03:43","guid":{"rendered":"https:\/\/jeremias.fr\/fabricant-conduit-tubage\/?page_id=1329"},"modified":"2023-07-06T16:51:08","modified_gmt":"2023-07-06T14:51:08","slug":"livraisons-services","status":"publish","type":"page","link":"https:\/\/jeremias.fr\/fabricant-conduit-tubage\/livraisons-services\/","title":{"rendered":"Livraisons &#038; services"},"content":{"rendered":"","protected":false},"excerpt":{"rendered":"","protected":false},"author":3,"featured_media":0,"parent":0,"menu_order":0,"comment_status":"closed","ping_status":"closed","template":"templates\/template-edito.php","meta":{"inline_featured_image":false},"acf":{"introduction":"<p>&nbsp;<\/p>\n<p><span style=\"font-weight: 400;\">Nous traitons la majorit\u00e9 des commandes que vous nous confiez avec un d\u00e9lai d\u2019exp\u00e9dition de 24h \u00e0 72h.\u00a0<\/span><\/p>\n<p><span style=\"font-weight: 400;\">Vos commandes sont r\u00e9put\u00e9es FRANCO de port \u00e0 partir de 350 \u20ac HT. Si votre commande est inf\u00e9rieure \u00e0 ce montant HT, votre participation aux frais de port sera de 35 \u20ac HT. Pour les livraisons en Corse, ce montant sera port\u00e9 \u00e0 50 \u20ac HT.<\/span><\/p>\n","sous_rubriques":[{"titre":"Conditions particuli\u00e8res","blocs":[{"acf_fc_layout":"bloc_de_texte","texte":"<p><span style=\"font-weight: 400;\">Ces conditions particuli\u00e8res sont modifiables sans d\u00e9lai de pr\u00e9venance par Jeremias.<\/span><\/p>\n<p>&nbsp;<\/p>\n<p><span style=\"font-weight: 400;\">Nous vous informons que certaines commandes font l\u2019objet d\u2019un traitement particulier. Ces commandes concernent :<\/span><\/p>\n<ul>\n<li><span style=\"font-weight: 400;\">Les gammes de produits non tenues en stock<\/span><\/li>\n<li><span style=\"font-weight: 400;\">Les fabrications sp\u00e9ciales\u00a0<\/span><\/li>\n<li><span style=\"font-weight: 400;\">Les produits avec dimensions inhabituelles<\/span><\/li>\n<li><span style=\"font-weight: 400;\">Certains articles pouvant \u00eatre en attente de r\u00e9approvisionnement<\/span><\/li>\n<li><span style=\"font-weight: 400;\">Les commandes n\u00e9cessitant une finition particuli\u00e8re (version particuli\u00e8re d\u2019inox, peinture, etc\u2026)<\/span><\/li>\n<\/ul>\n<p><span style=\"font-weight: 400;\">Pour l\u2019ensemble de ces commandes, Jremias vous informera sur le d\u00e9lai estimatif de livraison.<\/span><\/p>\n"}]},{"titre":"Notre plan de transport","blocs":[{"acf_fc_layout":"blocs_numerotes","paragraphes":[{"titre":"MESSAGERIE","texte":"Jusqu\u2019\u00e0 3 palettes - \r\nLivraison France enti\u00e8re - \r\nD\u00e9lai d\u2019acheminement : 24 \u00e0 96H en fonction des destinations"},{"titre":"AFFR\u00c8TEMENT","texte":"Au-del\u00e0 de 3 palettes - \r\nLivraison France enti\u00e8re - \r\nD\u00e9lai d\u2019acheminement : 24 \u00e0 96H en fonction des destinations"},{"titre":"EXPRESS","texte":"1 palette maximum -  \r\nLivraison France enti\u00e8re - \r\nCommande imp\u00e9rative avant 11h - \r\nLivraison sous 24H - \r\nNous consulter pour obtenir votre prix"},{"titre":"PETITS COLIS","texte":"Moins de 30 kg \u2013 petit format - \r\nLivraison France enti\u00e8re - \r\nLivraison sous 24\/48h"}]}]},{"titre":"Les services logistiques suppl\u00e9mentaires","blocs":[{"acf_fc_layout":"bloc_de_texte","texte":"<ul>\n<li><span style=\"font-weight: 400;\">Accus\u00e9 de r\u00e9ception de commande syst\u00e9matique<\/span><\/li>\n<li><span style=\"font-weight: 400;\">Syst\u00e8me de prise de RDV automatique (option)<\/span><\/li>\n<li><span style=\"font-weight: 400;\">Choix de RDV par le client (option \u2013 d\u00e9lai 1 jour suppl\u00e9mentaire syst\u00e9matique)<\/span><\/li>\n<li><span style=\"font-weight: 400;\">Regroupement de commande<\/span><\/li>\n<li><span style=\"font-weight: 400;\">Livraison \u00ab chantier s\u00e9par\u00e9 \u00bb\u00a0<\/span><\/li>\n<li><span style=\"font-weight: 400;\">Livraison directe chantier<\/span><\/li>\n<li><span style=\"font-weight: 400;\">Reprise de mat\u00e9riel (voir conditions sp\u00e9cifiques en cliquant <a href=\"https:\/\/jeremias.fr\/fabricant-conduit-tubage\/conditions-de-retour\/\" target=\"_blank\" rel=\"noopener\">ici<\/a>)<\/span><\/li>\n<\/ul>\n"},{"acf_fc_layout":"galerie","images":[{"ID":1406,"id":1406,"title":"Pr\u00e9paration de commande - Jeremias France","filename":"preparation-jeremias-galerie.png","filesize":242627,"url":"https:\/\/jeremias.fr\/fabricant-conduit-tubage\/app\/uploads\/2020\/09\/preparation-jeremias-galerie.png","link":"https:\/\/jeremias.fr\/fabricant-conduit-tubage\/livraisons-services\/attachment\/preparation-jeremias-galerie\/","alt":"Pr\u00e9paration de commande - Jeremias France","author":"4","description":"","caption":"","name":"preparation-jeremias-galerie","status":"inherit","uploaded_to":1329,"date":"2020-09-14 14:29:24","modified":"2020-09-14 14:29:58","menu_order":0,"mime_type":"image\/png","type":"image","subtype":"png","icon":"https:\/\/jeremias.fr\/fabricant-conduit-tubage\/wp\/wp-includes\/images\/media\/default.png","width":967,"height":461,"sizes":{"thumbnail":"https:\/\/jeremias.fr\/fabricant-conduit-tubage\/app\/uploads\/2020\/09\/preparation-jeremias-galerie-542x355.png","thumbnail-width":542,"thumbnail-height":355,"medium":"https:\/\/jeremias.fr\/fabricant-conduit-tubage\/app\/uploads\/2020\/09\/preparation-jeremias-galerie-300x143.png","medium-width":300,"medium-height":143,"medium_large":"https:\/\/jeremias.fr\/fabricant-conduit-tubage\/app\/uploads\/2020\/09\/preparation-jeremias-galerie-768x366.png","medium_large-width":640,"medium_large-height":305,"large":"https:\/\/jeremias.fr\/fabricant-conduit-tubage\/app\/uploads\/2020\/09\/preparation-jeremias-galerie.png","large-width":640,"large-height":305,"1536x1536":"https:\/\/jeremias.fr\/fabricant-conduit-tubage\/app\/uploads\/2020\/09\/preparation-jeremias-galerie.png","1536x1536-width":967,"1536x1536-height":461,"2048x2048":"https:\/\/jeremias.fr\/fabricant-conduit-tubage\/app\/uploads\/2020\/09\/preparation-jeremias-galerie.png","2048x2048-width":967,"2048x2048-height":461,"post-thumbnail":"https:\/\/jeremias.fr\/fabricant-conduit-tubage\/app\/uploads\/2020\/09\/preparation-jeremias-galerie-542x355.png","post-thumbnail-width":542,"post-thumbnail-height":355,"slider":"https:\/\/jeremias.fr\/fabricant-conduit-tubage\/app\/uploads\/2020\/09\/preparation-jeremias-galerie-967x461.png","slider-width":967,"slider-height":461,"timeline":"https:\/\/jeremias.fr\/fabricant-conduit-tubage\/app\/uploads\/2020\/09\/preparation-jeremias-galerie-399x257.png","timeline-width":399,"timeline-height":257}},{"ID":1405,"id":1405,"title":"Livraison jeremias france","filename":"livraison-jeremias-galerie.png","filesize":176971,"url":"https:\/\/jeremias.fr\/fabricant-conduit-tubage\/app\/uploads\/2020\/09\/livraison-jeremias-galerie.png","link":"https:\/\/jeremias.fr\/fabricant-conduit-tubage\/livraisons-services\/attachment\/livraison-jeremias-galerie\/","alt":"Livraison jeremias france","author":"4","description":"","caption":"","name":"livraison-jeremias-galerie","status":"inherit","uploaded_to":1329,"date":"2020-09-14 14:29:17","modified":"2020-09-14 14:29:42","menu_order":0,"mime_type":"image\/png","type":"image","subtype":"png","icon":"https:\/\/jeremias.fr\/fabricant-conduit-tubage\/wp\/wp-includes\/images\/media\/default.png","width":967,"height":461,"sizes":{"thumbnail":"https:\/\/jeremias.fr\/fabricant-conduit-tubage\/app\/uploads\/2020\/09\/livraison-jeremias-galerie-542x355.png","thumbnail-width":542,"thumbnail-height":355,"medium":"https:\/\/jeremias.fr\/fabricant-conduit-tubage\/app\/uploads\/2020\/09\/livraison-jeremias-galerie-300x143.png","medium-width":300,"medium-height":143,"medium_large":"https:\/\/jeremias.fr\/fabricant-conduit-tubage\/app\/uploads\/2020\/09\/livraison-jeremias-galerie-768x366.png","medium_large-width":640,"medium_large-height":305,"large":"https:\/\/jeremias.fr\/fabricant-conduit-tubage\/app\/uploads\/2020\/09\/livraison-jeremias-galerie.png","large-width":640,"large-height":305,"1536x1536":"https:\/\/jeremias.fr\/fabricant-conduit-tubage\/app\/uploads\/2020\/09\/livraison-jeremias-galerie.png","1536x1536-width":967,"1536x1536-height":461,"2048x2048":"https:\/\/jeremias.fr\/fabricant-conduit-tubage\/app\/uploads\/2020\/09\/livraison-jeremias-galerie.png","2048x2048-width":967,"2048x2048-height":461,"post-thumbnail":"https:\/\/jeremias.fr\/fabricant-conduit-tubage\/app\/uploads\/2020\/09\/livraison-jeremias-galerie-542x355.png","post-thumbnail-width":542,"post-thumbnail-height":355,"slider":"https:\/\/jeremias.fr\/fabricant-conduit-tubage\/app\/uploads\/2020\/09\/livraison-jeremias-galerie-967x461.png","slider-width":967,"slider-height":461,"timeline":"https:\/\/jeremias.fr\/fabricant-conduit-tubage\/app\/uploads\/2020\/09\/livraison-jeremias-galerie-399x257.png","timeline-width":399,"timeline-height":257}},{"ID":1407,"id":1407,"title":"Logistique - Jeremias France","filename":"preparation-logistique-jeremias-galerie.png","filesize":198365,"url":"https:\/\/jeremias.fr\/fabricant-conduit-tubage\/app\/uploads\/2020\/09\/preparation-logistique-jeremias-galerie.png","link":"https:\/\/jeremias.fr\/fabricant-conduit-tubage\/livraisons-services\/attachment\/preparation-logistique-jeremias-galerie\/","alt":"Logistique - Jeremias France","author":"4","description":"","caption":"","name":"preparation-logistique-jeremias-galerie","status":"inherit","uploaded_to":1329,"date":"2020-09-14 14:29:29","modified":"2020-09-14 14:30:20","menu_order":0,"mime_type":"image\/png","type":"image","subtype":"png","icon":"https:\/\/jeremias.fr\/fabricant-conduit-tubage\/wp\/wp-includes\/images\/media\/default.png","width":967,"height":461,"sizes":{"thumbnail":"https:\/\/jeremias.fr\/fabricant-conduit-tubage\/app\/uploads\/2020\/09\/preparation-logistique-jeremias-galerie-542x355.png","thumbnail-width":542,"thumbnail-height":355,"medium":"https:\/\/jeremias.fr\/fabricant-conduit-tubage\/app\/uploads\/2020\/09\/preparation-logistique-jeremias-galerie-300x143.png","medium-width":300,"medium-height":143,"medium_large":"https:\/\/jeremias.fr\/fabricant-conduit-tubage\/app\/uploads\/2020\/09\/preparation-logistique-jeremias-galerie-768x366.png","medium_large-width":640,"medium_large-height":305,"large":"https:\/\/jeremias.fr\/fabricant-conduit-tubage\/app\/uploads\/2020\/09\/preparation-logistique-jeremias-galerie.png","large-width":640,"large-height":305,"1536x1536":"https:\/\/jeremias.fr\/fabricant-conduit-tubage\/app\/uploads\/2020\/09\/preparation-logistique-jeremias-galerie.png","1536x1536-width":967,"1536x1536-height":461,"2048x2048":"https:\/\/jeremias.fr\/fabricant-conduit-tubage\/app\/uploads\/2020\/09\/preparation-logistique-jeremias-galerie.png","2048x2048-width":967,"2048x2048-height":461,"post-thumbnail":"https:\/\/jeremias.fr\/fabricant-conduit-tubage\/app\/uploads\/2020\/09\/preparation-logistique-jeremias-galerie-542x355.png","post-thumbnail-width":542,"post-thumbnail-height":355,"slider":"https:\/\/jeremias.fr\/fabricant-conduit-tubage\/app\/uploads\/2020\/09\/preparation-logistique-jeremias-galerie-967x461.png","slider-width":967,"slider-height":461,"timeline":"https:\/\/jeremias.fr\/fabricant-conduit-tubage\/app\/uploads\/2020\/09\/preparation-logistique-jeremias-galerie-399x257.png","timeline-width":399,"timeline-height":257}}]}]}],"utiliser_layout_presta":true,"produits_suggeres":[]},"yoast_head":"<!-- This site is optimized with the Yoast SEO plugin v19.2 - https:\/\/yoast.com\/wordpress\/plugins\/seo\/ -->\n<title>Livraisons &amp; services - Jeremias<\/title>\n<meta name=\"robots\" content=\"index, follow, max-snippet:-1, max-image-preview:large, max-video-preview:-1\" \/>\n<link rel=\"canonical\" href=\"https:\/\/jeremias.fr\/fabricant-conduit-tubage\/livraisons-services\/\" \/>\n<meta property=\"og:locale\" content=\"fr_FR\" \/>\n<meta property=\"og:type\" content=\"article\" \/>\n<meta property=\"og:title\" content=\"Livraisons &amp; services - Jeremias\" \/>\n<meta property=\"og:url\" content=\"https:\/\/jeremias.fr\/fabricant-conduit-tubage\/livraisons-services\/\" \/>\n<meta property=\"og:site_name\" content=\"Jeremias\" \/>\n<meta property=\"article:modified_time\" content=\"2023-07-06T14:51:08+00:00\" \/>\n<meta name=\"author\" content=\"Charline\" \/>\n<meta name=\"twitter:card\" content=\"summary_large_image\" \/>\n<script type=\"application\/ld+json\" class=\"yoast-schema-graph\">{\"@context\":\"https:\/\/schema.org\",\"@graph\":[{\"@type\":\"WebSite\",\"@id\":\"https:\/\/jeremias.fr\/fabricant-conduit-tubage\/#website\",\"url\":\"https:\/\/jeremias.fr\/fabricant-conduit-tubage\/\",\"name\":\"Jeremias\",\"description\":\"Conduits de fum\u00e9e\",\"potentialAction\":[{\"@type\":\"SearchAction\",\"target\":{\"@type\":\"EntryPoint\",\"urlTemplate\":\"https:\/\/jeremias.fr\/fabricant-conduit-tubage\/?s={search_term_string}\"},\"query-input\":\"required name=search_term_string\"}],\"inLanguage\":\"fr-FR\"},{\"@type\":\"WebPage\",\"@id\":\"https:\/\/jeremias.fr\/fabricant-conduit-tubage\/livraisons-services\/#webpage\",\"url\":\"https:\/\/jeremias.fr\/fabricant-conduit-tubage\/livraisons-services\/\",\"name\":\"Livraisons & services - Jeremias\",\"isPartOf\":{\"@id\":\"https:\/\/jeremias.fr\/fabricant-conduit-tubage\/#website\"},\"datePublished\":\"2020-09-11T14:03:43+00:00\",\"dateModified\":\"2023-07-06T14:51:08+00:00\",\"breadcrumb\":{\"@id\":\"https:\/\/jeremias.fr\/fabricant-conduit-tubage\/livraisons-services\/#breadcrumb\"},\"inLanguage\":\"fr-FR\",\"potentialAction\":[{\"@type\":\"ReadAction\",\"target\":[\"https:\/\/jeremias.fr\/fabricant-conduit-tubage\/livraisons-services\/\"]}]},{\"@type\":\"BreadcrumbList\",\"@id\":\"https:\/\/jeremias.fr\/fabricant-conduit-tubage\/livraisons-services\/#breadcrumb\",\"itemListElement\":[{\"@type\":\"ListItem\",\"position\":1,\"name\":\"Home\",\"item\":\"https:\/\/jeremias.fr\/fabricant-conduit-tubage\/\"},{\"@type\":\"ListItem\",\"position\":2,\"name\":\"Livraisons &#038; services\"}]}]}<\/script>\n<!-- \/ Yoast SEO plugin. -->","yoast_head_json":{"title":"Livraisons & services - Jeremias","robots":{"index":"index","follow":"follow","max-snippet":"max-snippet:-1","max-image-preview":"max-image-preview:large","max-video-preview":"max-video-preview:-1"},"canonical":"https:\/\/jeremias.fr\/fabricant-conduit-tubage\/livraisons-services\/","og_locale":"fr_FR","og_type":"article","og_title":"Livraisons & services - Jeremias","og_url":"https:\/\/jeremias.fr\/fabricant-conduit-tubage\/livraisons-services\/","og_site_name":"Jeremias","article_modified_time":"2023-07-06T14:51:08+00:00","author":"Charline","twitter_card":"summary_large_image","schema":{"@context":"https:\/\/schema.org","@graph":[{"@type":"WebSite","@id":"https:\/\/jeremias.fr\/fabricant-conduit-tubage\/#website","url":"https:\/\/jeremias.fr\/fabricant-conduit-tubage\/","name":"Jeremias","description":"Conduits de fum\u00e9e","potentialAction":[{"@type":"SearchAction","target":{"@type":"EntryPoint","urlTemplate":"https:\/\/jeremias.fr\/fabricant-conduit-tubage\/?s={search_term_string}"},"query-input":"required name=search_term_string"}],"inLanguage":"fr-FR"},{"@type":"WebPage","@id":"https:\/\/jeremias.fr\/fabricant-conduit-tubage\/livraisons-services\/#webpage","url":"https:\/\/jeremias.fr\/fabricant-conduit-tubage\/livraisons-services\/","name":"Livraisons & services - Jeremias","isPartOf":{"@id":"https:\/\/jeremias.fr\/fabricant-conduit-tubage\/#website"},"datePublished":"2020-09-11T14:03:43+00:00","dateModified":"2023-07-06T14:51:08+00:00","breadcrumb":{"@id":"https:\/\/jeremias.fr\/fabricant-conduit-tubage\/livraisons-services\/#breadcrumb"},"inLanguage":"fr-FR","potentialAction":[{"@type":"ReadAction","target":["https:\/\/jeremias.fr\/fabricant-conduit-tubage\/livraisons-services\/"]}]},{"@type":"BreadcrumbList","@id":"https:\/\/jeremias.fr\/fabricant-conduit-tubage\/livraisons-services\/#breadcrumb","itemListElement":[{"@type":"ListItem","position":1,"name":"Home","item":"https:\/\/jeremias.fr\/fabricant-conduit-tubage\/"},{"@type":"ListItem","position":2,"name":"Livraisons &#038; services"}]}]}},"_links":{"self":[{"href":"https:\/\/jeremias.fr\/fabricant-conduit-tubage\/wp-json\/wp\/v2\/pages\/1329"}],"collection":[{"href":"https:\/\/jeremias.fr\/fabricant-conduit-tubage\/wp-json\/wp\/v2\/pages"}],"about":[{"href":"https:\/\/jeremias.fr\/fabricant-conduit-tubage\/wp-json\/wp\/v2\/types\/page"}],"author":[{"embeddable":true,"href":"https:\/\/jeremias.fr\/fabricant-conduit-tubage\/wp-json\/wp\/v2\/users\/3"}],"replies":[{"embeddable":true,"href":"https:\/\/jeremias.fr\/fabricant-conduit-tubage\/wp-json\/wp\/v2\/comments?post=1329"}],"version-history":[{"count":5,"href":"https:\/\/jeremias.fr\/fabricant-conduit-tubage\/wp-json\/wp\/v2\/pages\/1329\/revisions"}],"predecessor-version":[{"id":2603,"href":"https:\/\/jeremias.fr\/fabricant-conduit-tubage\/wp-json\/wp\/v2\/pages\/1329\/revisions\/2603"}],"wp:attachment":[{"href":"https:\/\/jeremias.fr\/fabricant-conduit-tubage\/wp-json\/wp\/v2\/media?parent=1329"}],"curies":[{"name":"wp","href":"https:\/\/api.w.org\/{rel}","templated":true}]}}